q?
1
Let g = -26 + 30. Suppose -y + 20 = -u - 73, -u + 347 = g*y. What is the tens digit of y?
8
Suppose -6288 - 3232 = -14*p. What is the tens digit of p?
8
Suppose 3*i = 3*s + 219, -i - i - 3*s = -171. Suppose -56 = -3*a - 5*c + 9, i = 4*a - 2*c. Suppose 0 = -w + 3*w - a. What is the units digit of w?
0
Let u(z) = 24*z + 16. Let d = -35 - -39. What is the hundreds digit of u(d)?
1
Suppose -20 = 5*o - 5. Let w(i) = -8*i + 14. What is the units digit of w(o)?
8
Suppose -4*o = -12 - 4. Suppose -10*x + 5*x = -3*m - 42, o*m + 14 = 2*x. Suppose -21 + x = -z. What is the tens digit of z?
1
Let g(d) = 4*d**2 - 6*d - 8. Let j be g(4). Suppose 0 = 5*q - 3*q - j. What is the tens digit of q?
1
Let a be ((-3)/(-2))/((-21)/(-28)). Let d = -72 + 156. Suppose -a*m + 3*z + d = m, 0 = -4*z + 4. What is the tens digit of m?
2
Suppose 13752 = 28*o - 20*o. What is the units digit of o?
9
Let r be (104/(-3))/(-8)*(2 + -38). Let g = -42 - r. What is the tens digit of g?
1
Let z(x) = x**2 + 6*x + 5. Let f be z(-4). What is the units digit of (-4)/2 + (-198)/f?
4
Suppose -1143 = -4*t - a, 2*a = -3*t - a + 864. What is the tens digit of t?
8
Let o = -530 - 8. What is the tens digit of (1 + o)*(8 - 150/18)?
7
Suppose -1 = j + 1, -4*j = 2*q - 22. Let y = 9 + -21. Let f = q - y. What is the units digit of f?
7
Let p(k) = 30*k**3 - 4*k**2 + 3. Let o(s) = 31*s**3 - 3*s**2 + 2. Let w(i) = -3*o(i) + 2*p(i). What is the tens digit of w(-1)?
3
Let w be ((-6)/6 - 27)*12/(-14). Suppose w*u - 27*u + 51 = 0. What is the tens digit of u?
1
Let r = -180 - -442. What is the tens digit of r?
6
Let c be ((-9)/(-18))/((-1)/(-142)). Let x = 17 - c. Let n = -25 - x. What is the units digit of n?
9
What is the units digit of -5 - (-2030)/8 - 3/4?
8
Suppose 10*l = 1343 + 997. What is the tens digit of l?
3
Let m(i) be the first derivative of 11*i**3/3 + 5*i**2/2 + 2*i - 8. What is the tens digit of m(-3)?
8
Let n(m) = -22*m + 267. Let o be n(12). Suppose -3*k + 7 = -2*l + 3*l, -5*k - 5*l = -5. What is the units digit of (-263 + o)/(-5) + k?
5
Let f be (-5551)/(-35) + (-4)/(-10). Suppose 2*p + f = 5*p. What is the units digit of p?
3
Let w(n) = -n**2 + 3. Let d be (-66)/21 - (-4)/28. Let q be w(d). What is the tens digit of q/(-27)*12*9?
2
Suppose -8*f + 9*f - 465 = 3*b, f + 2*b = 485. What is the tens digit of f?
7
Suppose 4*t - 32 = -400. What is the hundreds digit of t/(-1 + -1)*(36 + -30)?
2
What is the units digit of 3/5 + (-3048)/(-20)?
3
Let o(n) = n**3 + 8*n**2 + 7*n - 4. Let u be o(-6). Let t = -83 + u. Let k = -31 - t. What is the units digit of k?
6
Suppose -3*r = -o - 0*o + 87, -3*r + 3*o - 93 = 0. Let z = r + 61. What is the tens digit of z?
3
Let r(z) = -2*z + 28. Let d be r(0). Let y be (-24)/(-14) + 8/d. Suppose -y*t + 4*t - 38 = 0. What is the units digit of t?
9
Let a be (-6)/14 + 9/21. Suppose 4*m = -2*p + 98, a*m - 4*m + 208 = 4*p. What is the tens digit of p*(0/(-3) - -1)?
5
Let y = -559 + 671. What is the tens digit of y?
1
Let v be 0*3/(-6)*1. What is the units digit of 63 - (3 + 1 - v)?
9
Let o be 1/((-4)/(-748)) + -2. Suppose o = 48*r - 43*r. What is the units digit of r?
7
Suppose 2*b + 5 = -3*p, p + 0 = -4*b - 5. What is the tens digit of (-1)/(885/(-1750) + p/(-2))?
7
Let z = 1906 - 229. What is the hundreds digit of z?
6
Let q(x) be the third derivative of x**5/60 + 23*x**3/3 + 10*x**2. What is the tens digit of q(0)?
4
Suppose 0 = -5*u + 3*a + 434, 3*u - a + 90 = 4*u. What is the units digit of 1/2*u + 2?
6
Let b = 6 + -7. Let x be (1 - (1 - -5))*b. Let a = 22 + x. What is the units digit of a?
7
What is the thousands digit of (9*1)/((154/(-7294))/(-11))?
4
Let l be 68/8 + 2/4. Let i(z) = -z - 5. Let x be i(l). Let o = x + 33. What is the units digit of o?
9
Suppose 3*t - 56 = 5*u - 0*u, 5*t = 3*u + 88. Suppose -w + t + 164 = 0. What is the units digit of w?
1
Let h be (9/(-6))/(6/32). Let j be 1/(2/h) - -3. What is the units digit of 5 + -2 + j + 3?
5
Suppose 3*j + 30 = 3*g, 3*j = 5*g - 38 - 8. Suppose -5*h + 282 = c, -4*h + 214 = 3*c - g*c. What is the units digit of h?
6
Let f(s) = -107*s + 1. Let h(w) = -108*w. Let q(y) = 5*f(y) - 4*h(y). Let a be q(3). What is the tens digit of a/(-22) + 2/11?
1
Suppose 3*p - 1 = -4, 4*p - 32 = -a. Let x = -68 + a. What is the units digit of (-6)/(-8) + (-648)/x?
1
What is the tens digit of ((-2)/(-8)*2)/(1/44)?
2
What is the tens digit of ((-32)/(-6))/((28/516)/7)?
8
Let k = -13 + 15. Suppose -3*d - 51 = -5*t, t - k*d + 4*d = 5. Suppose t = 5*i - 86. What is the tens digit of i?
1
Let g be 7/(4/(-3) - -1). Let l = 25 + g. Suppose 2*v - 5*f + 1 = -2*f, -12 = -l*f. What is the units digit of v?
4
Let r be 2502/(-7) - (-4 - (-32)/7). Let z = r - -513. What is the hundreds digit of z?
1
Let h = 12 - 24. Let s = h - -12. What is the tens digit of s - 0 - (-20)/1?
2
Suppose 5*i - f = 1633, -9 = -4*f - 1. What is the hundreds digit of i?
3
Let q(w) = w**2 + 7*w - 18. Let s be q(-9). Suppose -r - 21 + 71 = s. What is the units digit of r?
0
What is the hundreds digit of (4432/12)/((30/(-9))/(-5))?
5
Suppose -6*q = -10*q + 8. Suppose -5*z = 4*r - 863, -q*z - 27 + 363 = -3*r. What is the units digit of z?
1
Suppose -6*o = -o - 10. Suppose -o*v = -3*v - 139. Let i = -82 - v. What is the tens digit of i?
5
Let x(i) = -14*i + 3. Let w be x(-3). Let j be w/1 + -1*2. Let h = j + -2. What is the units digit of h?
1
Suppose -6*u = -u - 15. Let j = u - -21. What is the tens digit of j?
2
Suppose 8*w + 7*w = 645. Suppose -2*y - 4 - 4 = x, 3*x = -2*y - 36. Let z = x + w. What is the tens digit of z?
2
Suppose -g = 6 - 2, -2*a = g. Suppose a*r - 2169 = -7*r. What is the units digit of r?
1
Suppose -p - 5 = -7. Suppose 0 = -p*k + 48 + 8. Suppose -z + 3*x = -26, 4*x = 3*z - 35 - k. What is the units digit of z?
7
Let j be (-146)/9 + 16/72. Let n = j + 20. Suppose 3*z - w = 123, 8*w - n*w = 4*z - 164. What is the units digit of z?
1
What is the units digit of 38/266 + 21810/14?
8
Suppose 2625 = 14*a - 9*a. What is the hundreds digit of a?
5
Let j be ((-66)/(-8))/(3/8). Let v = j - 61. Let u = -28 - v. What is the units digit of u?
1
Suppose b + 63 = a + 3*a, 35 = 2*a + 3*b. Let t = -7 + a. What is the units digit of t?
9
Let m(r) = 2*r**3 + r**2 + 3*r - 6. Let x = -17 + 21. Let g be m(x). Suppose -5*a + g = -5*j, -2*a = -4*a - 5*j + 25. What is the units digit of a?
5
Suppose -3*l + 5*v + 26 + 2 = 0, -5*l + 22 = 4*v. Suppose -l*w = -607 - 11. What is the tens digit of w?
0
Suppose -2*o + 5*o + 4*m = -1, -7 = -o - 5*m. What is the tens digit of (o + 89)/2 + 3?
4
Let v(d) be the third derivative of d**5/60 - d**4/6 - d**3 + 6*d**2. What is the tens digit of v(9)?
3
Suppose 0 = -3*l + p + 1129, 8*l - 6*l + 3*p = 749. What is the hundreds digit of l?
3
Let w(d) = -d**2 - 1. Let u(n) = -6*n**2 + n + 4. Let l(x) = -u(x) - 5*w(x). Let c(i) = i - 1. Let j be c(3). What is the tens digit of l(j)?
4
Let b(m) = 357*m - 106. What is the units digit of b(2)?
8
Let u(o) = -3*o**3 + 10*o**2 - 8*o - 14. What is the thousands digit of u(-8)?
2
Let r be 2 + (-3 - (-54 + -3)). Suppose 0 = -5*a + r + 64. What is the units digit of a?
4
Suppose -12 = 3*x + 4*c, 55 = -5*x + 3*c + 2*c. Suppose 0 = -u - 2, -u + 54 = 4*v - 2*u. Let z = v + x. What is the units digit of z?
5
Suppose -6*k - 14 = -38. What is the tens digit of k/((4/1)/(-16)*-1)?
1
Let y = -153 + 588. What is the units digit of y?
5
Suppose a - 3*v - 2398 - 945 = 0, -a = -v - 3353. What is the hundreds digit of a?
3
Let z(w) = -3*w**3 - 6*w**2 - 9*w - 3. Let v(y) = -4*y**3 - 6*y**2 - 10*y - 2. Let r(f) = -2*v(f) + 3*z(f). What is the units digit of r(-5)?
5
Let a(o) = 368*o - 47. What is the thousands digit of a(5)?
1
Let d(r) = -4 + 166*r**2 - 3*r - 163*r**2 - 7*r. What is the tens digit of d(6)?
4
Suppose 342 = c - 3*c. Let j be 12/8 + c/(-6). Suppose 3*b + 3*u - 16 = 2, u = -4*b + j. What is the units digit of b?
8
Let x = 1558 - 1052. What is the units digit of x?
6
Let z(f) = 2*f**2 - 8*f + 29. What is the tens digit of z(-8)?
2
Suppose -25*w = -19*w - 12210. What is the units digit of w?
5
Let q = -799 + 1339. What is the tens digit of q?
4
Let c = -1930 - -3065. What is the thousands digit of c?
1
Let i(f) = -4*f**2 - f - 12. Let d be i(6). Let a = d - -256. What is the tens digit of a?
9
Supp